1*m - 29. Let g(l) = 11*f(l) + 6*p(l). List the prime factors of g(8).
3, 29
Suppose -19*h - 13*h + 1920 = 0. What are the prime factors of h?
2, 3, 5
Let z(d) = -d**3 - 17*d**2 + 32*d - 42. List the prime factors of z(-19).
2, 3
Let o(k) = 117*k**2 - 17*k - 31. What are the prime factors of o(-2)?
3, 157
List the prime factors of 2/((84/(-160587))/((-2)/3)).
2549
Let a(y) = y. Let s be a(5). Let w(n) = 2*n**2 + 11*n - 12. Let u be w(-10). Suppose 2*k + u = s*k. List the prime factors of k.
2, 13
Suppose -424 = -z + 4*h, -2*z + 6*h + 845 = h. What are the prime factors of z?
2, 3, 5, 7
Let h(g) = -g**2 + 12*g + 8. Let l be h(6). Let j = l + 19. List the prime factors of j.
3, 7
Let z be ((-1 - -3) + -3)/((-3)/321). Suppose 3*d + z = 2*m - 61, -2*m - 3*d + 192 = 0. What are the prime factors of m?
2, 3, 5
Suppose j - 1238 = -n, -3726 = 9*j - 12*j + 3*n. List the prime factors of j.
2, 5, 31
Suppose 13*m - 8993 = 4839. What are the prime factors of m?
2, 7, 19
Let a(y) = y - 27. Let w be a(19). Let p(l) = -3*l - 4. List the prime factors of p(w).
2, 5
Let g = 917 + -405. List the prime factors of g.
2
Let w(z) = -7*z**3 - 2*z**2 + 5*z + 1. Let k be w(-4). Let o = k - 190. List the prime factors of o.
3, 23
Let r(x) be the first derivative of -19*x**2/2 - 57. Let m(o) = o**3 - o**2 - 2*o - 1. Let p be m(2). What are the prime factors of r(p)?
19
Suppose 0*y = 4*y - 8. Let q = y - -1. Suppose -81 = -5*l - 3*d, 6*d + 9 = q*d. What are the prime factors of l?
2, 3
Suppose -7440 = -2*z - 3*z. What are the prime factors of z?
2, 3, 31
Let c be (-9)/6 + (-2)/(-4). Let d be (2 + 1 + c)*7. Suppose 5*p - 4*s = d + 6, 5*s + 4 = p. List the prime factors of p.
2
Let t be -2*-1*(-4)/(-16)*4. List the prime factors of 864/180*(95/t + 0).
2, 3, 19
Suppose 0 = -112*j + 108*j + 28. Suppose -3*k = -j*k + 200. List the prime factors of k.
2, 5
Suppose 4*n - 1 - 3 = 0, 0 = -l + 2*n + 3. Suppose 3 = -q + l*j, -4*j + 9 = 2*q - 13. List the prime factors of q.
7
Suppose 0 = -4*b + 2*b + 10. Suppose -5*r = -2*l - 71, 0 = b*l + 3*r - 5*r + 167. Let j = 50 + l. What are the prime factors of j?
17
Let w = 87 + 1364. What are the prime factors of w?
1451
Let q = 1197 - 775. Suppose 6*y - 340 = q. What are the prime factors of y?
127
Let q = 415 + -336. List the prime factors of q.
79
Let s = 4015 - 1011. What are the prime factors of s?
2, 751
Let p = 2480 + -531. What are the prime factors of p?
1949
Suppose 879 = t + 4*h, 4*h - 3*h = 4*t - 3516. List the prime factors of t.
3, 293
Suppose -h = 2*g - 6, 3*h - 3 + 1 = -2*g. Suppose 0 = -3*q, -229 - 55 = -g*i + 3*q. List the prime factors of i.
71
Suppose 0 = 4*h + 4*c + 12, h + 5*c = -0*h + 13. Let a = -4 - h. Suppose x + 4*x - 102 = 2*n, 0 = a*x - 2*n - 58. What are the prime factors of x?
2, 11
Let u(p) = -10*p**3 - 3*p**2 + 9*p - 22. What are the prime factors of u(-8)?
2, 2417
Let m(v) = 736*v - 56. What are the prime factors of m(2)?
2, 3, 59
Let r = 57 + -20. Suppose 3 = -3*b, 3*b = 4*w - r - 66. List the prime factors of w.
5
Let v = 80 + -55. Suppose 3*c + 2*w - 28 = -3, 4*w - v = -c. Let z = c + 38. What are the prime factors of z?
43
Let x be (-295)/25*2 - 2/5. List the prime factors of 2 - x/(-15) - 278/(-5).
2, 7
Suppose 16*n - 37355 = -7163. What are the prime factors of n?
3, 17, 37
Let t = -43 + 43. List the prime factors of 555/15 - (t - 0).
37
Let q = 17 - -3. Let p = 10 + q. List the prime factors of p.
2, 3, 5
Let l(b) be the first derivative of -b**4/4 - 2*b**3/3 + 5*b**2/2 - b + 3. Let y be l(-4). Let q = y + -5. What are the prime factors of q?
2, 3
Let v = 161 + -56. Let k = 161 - v. List the prime factors of 1/(-4) - (-1862)/k.
3, 11
Let j = 12 - 7. Suppose 5*u + j*f = -395, -12 = 2*f + f. Let p = -49 - u. What are the prime factors of p?
2, 13
Let a(v) = v**2 + 3*v - 14. Let g be a(-6). Suppose 2*t = g*t - 438. What are the prime factors of t?
3, 73
Let u = 7608 + -1799. What are the prime factors of u?
37, 157
Let x be -1*2/7*-7. Let v(o) = -884*o + 119. Let f(g) = -15*g + 2. Let p(q) = x*v(q) - 119*f(q). What are the prime factors of p(1)?
17
Let v(z) = -5*z + 19. Let x be v(-7). Suppose d - x = -5*d. What are the prime factors of d?
3
Let u = 31 + -37. Let d(q) = -10*q - 3. List the prime factors of d(u).
3, 19
Suppose 0 = -7*o + 10*o - 942. List the prime factors of o.
2, 157
Let c be 3*237 + (-8 - (-8 - -3)). Suppose -q - 3*q = -c. List the prime factors of q.
3, 59
Let q be (-1*10/(-4))/((-5)/(-10)). Suppose q*x = 7*x - 196. List the prime factors of x.
2, 7
Let n(h) = h**2 - 13*h + 18. Let m(v) = -v**2 + 13*v - 11. Let r be m(12). Suppose 4*c = -r + 49. What are the prime factors of n(c)?
2, 3
Let j be (0 + (-1 - 0))*(0 + 7). List the prime factors of 1 + (-66)/j - 15/35.
2, 5
Let i(p) = 4*p + 10 - 66*p + 24*p. What are the prime factors of i(-3)?
2, 31
Suppose 185 = -a + 14. What are the prime factors of 6904/22 + (-5 - a/33)?
2, 157
Suppose 675 = 4*s + q, -4*q = -4*s + 605 + 55. List the prime factors of s.
2, 3, 7
Let t be (-24)/(-9)*(-135)/(-18). Suppose 0 = -4*m - t, d + 2*m - 129 = 58. List the prime factors of d.
197
Let a(n) = -52*n + 783. List the prime factors of a(-50).
17, 199
Suppose 0 = -2*p + 3*j - 8, 0*p - 5*j = -2*p - 16. Suppose 4*r - p = 74. List the prime factors of r.
19
Let f(w) = -4*w**2 + 132*w - 37. List the prime factors of f(26).
691
Let g = -6 + 9. Suppose g*r - 7 - 11 = 0. Let y(b) = b**2 - 3*b + 7. List the prime factors of y(r).
5
Suppose 8 = 3*c + c. Suppose -3*w + 18 = 3*f, -4*w + 8 = c*f - 0. List the prime factors of f.
2
Let u = -83 - -723. List the prime factors of u.
2, 5
Let d = 15 - 13. Suppose -360 = -d*i - 6*i. What are the prime factors of i?
3, 5
Let i(y) = -3*y - 4. Let o be i(-3). Suppose 0*s = -4*s, o*x + 3*s = 0. Suppose x = 2*q - 33 - 31. What are the prime factors of q?
2
Let s(d) = -d**2 + 7*d - 8. Let n be s(5). Suppose n*p = -3*p - 20. List the prime factors of 425/7 + p/(-14).
61
Suppose -66*z + 94392 = -30*z. List the prime factors of z.
2, 3, 19, 23
Suppose -5*n + 7515 = -2*n - 5*a, -4*a - 12 = 0. List the prime factors of n.
2, 5
Suppose -4*h + 14 - 6 = -4*r, 5*h - 14 = 3*r. Suppose -4*k - 5*a = -3*k - 48, -5*k = -r*a - 240. List the prime factors of k.
2, 3
Let h(d) = 3*d**2 + 5*d - 2. Let k = 51 + -58. What are the prime factors of h(k)?
2, 5, 11
Let m(q) = q**2 - 13*q - 1. Let o be m(13). Let j be -184*o/(3/(-12)). What are the prime factors of (-2)/(-10) + j/(-20)?
37
Let p = 721 - -194. List the prime factors of p.
3, 5, 61
Suppose -8*y = -4*y - 1056. Suppose -2*m - 3*k = -257, 2*k - 134 = -3*m + y. What are the prime factors of m?
2, 17
Let m(x) = 7*x**2 - 20*x - 19. Let j(i) = 3*i**2 - 10*i - 9. Let b(p) = 5*j(p) - 2*m(p). List the prime factors of b(-7).
2, 7
Let h = 112 + -157. Suppose 10 = 2*p - 0, -5*d + 3*p = -455. Let u = d + h. What are the prime factors of u?
7
Let g = 2399 - 582. List the prime factors of g.
23, 79
Suppose 0 = -8*h + 1774 + 8266. What are the prime factors of h?
5, 251
Suppose 5*b - 100 = -4*m + 75, -5*b = 2*m - 95. What are the prime factors of m?
2, 5
Suppose -a + 28 = -3*p, 15 - 5 = -5*a. Let w be (18/4)/3*p. List the prime factors of 28/210 - 58/w.
2
Let g(k) = 53*k - 43. List the prime factors of g(6).
5, 11
What are the prime factors of (-2*424/16)/(2/(-30))?
3, 5, 53
Suppose -20*h + 9129 = 31*h. What are the prime factors of h?
179
Let a(b) = 160*b - 1. Suppose -d + 5*r = -16, 2*d + 0*r - 11 = 3*r. Let j be a(d). Suppose j = -13*h + 16*h. What are the prime factors of h?
53
Let d(c) = c**2 + 50*c + 4704. What are the prime factors of d(0)?
2, 3, 7
Let h(c) be the third derivative of c**5/12 + c**4/12 - 5*c**3/6 + 31*c**2. List the prime factors of h(7).
2, 127
Suppose 4*v + 6 = 14, 5*x = -5*v + 120. Let q = 15 - x. List the prime factors of (-7)/q + (13 - 2).
2, 3
Let h(t) = -t + 0 - 5 + 6. Let f be h(4). List the prime factors of (0 - -17) + (-2 - f).
2, 3
Let f(w) = -w**3 + 7*w**2 - 4*w - 11. Suppose 0 = -c - 59 + 20. Let j be (c/(-13))/(3/5). What are the prime factors of f(j)?
19
Suppose -5*x - 391 = -3*a + 282, 0 = 4*x + 20. What are the prime factors of a?
2, 3
Let f be -12*(-6)/(-126) - 50/(-14). Let x(o) = 42*o**2. Let w be x(-1). Suppose -6*s = -f*s - w. What are the prime factors o